ousands digit of 4298167187?
6
What is the ten thousands digit of 254592968?
9
What is the hundred thousands digit of 40682672?
6
What is the hundreds digit of 9093436?
4
What is the millions digit of 99162012?
9
What is the units digit of 17808199?
9
What is the thousands digit of 640314920?
4
What is the ten thousands digit of 5360335543?
3
What is the hundred millions digit of 700790150?
7
What is the millions digit of 101179840?
1
What is the units digit of 2796138071?
1
What is the units digit of 113268429?
9
What is the hundred thousands digit of 84282617?
2
What is the tens digit of 745342576?
7
What is the hundreds digit of 631101004?
0
What is the hundred millions digit of 160588386?
1
What is the hundreds digit of 66190378?
3
What is the ten thousands digit of 3847779138?
7
What is the millions digit of 958564494?
8
What is the millions digit of 545722320?
5
What is the tens digit of 2981653466?
6
What is the thousands digit of 335361356?
1
What is the hundreds digit of 2566334095?
0
What is the ten millions digit of 103826937?
0
What is the billions digit of 1233994053?
1
What is the ten thousands digit of 153780623?
8
What is the hundred millions digit of 122325813?
1
What is the billions digit of 6739561648?
6
What is the hundred thousands digit of 10249105?
2
What is the units digit of 780477187?
7
What is the ten thousands digit of 175227175?
2
What is the hundred thousands digit of 41488472?
4
What is the ten thousands digit of 1369706500?
0
What is the hundreds digit of 614742408?
4
What is the hundred thousands digit of 38940928?
9
What is the ten millions digit of 702657549?
0
What is the hundred thousands digit of 46530453?
5
What is the thousands digit of 18600997?
0
What is the ten thousands digit of 292361370?
6
What is the tens digit of 3111718375?
7
What is the tens digit of 8864526?
2
What is the hundreds digit of 418817277?
2
What is the millions digit of 314452206?
4
What is the tens digit of 46751796?
9
What is the millions digit of 1120001553?
0
What is the ten millions digit of 176768547?
7
What is the billions digit of 2068022367?
2
What is the tens digit of 2823494691?
9
What is the ten thousands digit of 101336395?
3
What is the thousands digit of 178777906?
7
What is the ten millions digit of 541336143?
4
What is the tens digit of 13846682?
8
What is the millions digit of 140764084?
0
What is the tens digit of 8455321?
2
What is the millions digit of 6416277111?
6
What is the hundred millions digit of 1895994262?
8
What is the ten thousands digit of 211794876?
9
What is the millions digit of 33405204?
3
What is the thousands digit of 929139257?
9
What is the millions digit of 442387063?
2
What is the thousands digit of 2812685858?
5
What is the ten thousands digit of 20480949?
8
What is the ten millions digit of 109240479?
0
What is the hundreds digit of 183003430?
4
What is the thousands digit of 153172824?
2
What is the ten thousands digit of 5019825712?
2
What is the thousands digit of 22887652?
7
What is the hundreds digit of 3106344599?
5
What is the hundred thousands digit of 379705674?
7
What is the hundred millions digit of 171630233?
1
What is the thousands digit of 2349739496?
9
What is the millions digit of 253961394?
3
What is the billions digit of 4222385880?
4
What is the millions digit of 20725157?
0
What is the millions digit of 501609252?
1
What is the hundred millions digit of 145902523?
1
What is the ten thousands digit of 2463308425?
0
What is the ten millions digit of 2336650799?
3
What is the ten millions digit of 356148198?
5
What is the millions digit of 630804495?
0
What is the hundred thousands digit of 248692039?
6
What is the units digit of 28644089?
9
What is the hundred thousands digit of 26006520?
0
What is the hundreds digit of 18903485?
4
What is the hundred thousands digit of 4378605501?
6
What is the billions digit of 1625231792?
1
What is the ten thousands digit of 1778329227?
2
What is the millions digit of 85867528?
5
What is the hundred millions digit of 3603131096?
6
What is the hundreds digit of 793196001?
0
What is the hundreds digit of 1713118423?
4
What is the units digit of 9527007?
7
What is the hundred thousands digit of 422527880?
5
What is the hundred thousands digit of 1355404309?
4
What is the units digit of 92148657?
7
What is the units digit of 40588648?
8
What is the tens digit of 7295700?
0
What is the thousands digit of 42095347?
5
What is the hundred thousands digit of 69076096?
0
What is the thousands digit of 114290921?
0
What is the millions digit of 984828535?
4
What is the hundreds digit of 1223072127?
1
What is the tens digit of 1504392565?
6
What is the hundred thousands digit of 276692470?
6
What is the units digit of 1232756009?
9
What is the tens digit of 31815715?
1
What is the ten millions digit of 487432076?
8
What is the hundreds digit of 55155451?
4
What is the millions digit of 1278378766?
8
What is the tens digit of 1261617307?
0
What is the hundred millions digit of 160881698?
1
What is the hundreds digit of 522986098?
0
What is the hundred thousands digit of 119868813?
8
What is the tens digit of 2121137105?
0
What is the hundreds digit of 182822373?
3
What is the millions digit of 262609660?
2
What is the hundreds digit of 176532721?
7
What is the tens digit of 38634661?
6
What is the hundreds digit of 24719412?
4
What is the ten thousands digit of 63496216?
9
What is the hundreds digit of 15787837?
8
What is the tens digit of 39802494?
9
What is the hundred thousands digit of 540607088?
6
What is the hundreds digit of 1088855417?
4
What is the thousands digit of 4764298051?
8
What is the units digit of 841094712?
2
What is the millions digit of 222945994?
2
What is the thousands digit of 1330380672?
0
What is the millions digit of 58023971?
8
What is the hundreds digit of 390681495?
4
What is the hundred millions digit of 3314980647?
3
What is the hundreds digit of 671021296?
2
What is the units digit of 132830853?
3
What is the thousands digit of 95494547?
4
What is the hundreds digit of 6205301?
3
What is the ten millions digit of 81113452?
8
What is the tens digit of 15744360?
6
What is the hundred thousands digit of 2613266074?
2
What is the units digit of 76476776?
6
What is the units digit of 106367598?
8
What is the thousands digit of 210720916?
0
What is the units digit of 48219695?
5
What is the units digit of 97602634?
4
What is the hundred millions digit of 1029496946?
0
What is the hundreds digit of 1062021810?
8
What is the units digit of 592005597?
7
What is the hundreds digit of 53739336?
3
What is the tens digit of 83358356?
5
What is the units digit of 3246074?
4
What is the hundred thousands digit of 3251588?
2
What is the units digit of 49616526?
6
What is the units digit of 1164398931?
1
What is the hundred thousands digit of 7082844324?
8
What is the ten thousands digit of 2205673199?
7
What is the millions digit of 32360308?
2
What is the units digit of 559511227?
7
What is the hundreds digit of 195960447?
4
What is the hundred thousands digit of 2595867401?
8
What is the units digit of 35495223?
3
What is the units digit of 9765639?
9
What is the ten thousands digit of 1232009634?
0
What is the tens digit of 365895161?
6
What is the tens digit of 81167935?
3
What is the ten thousands digit of 24436143?
3
What is the millions digit of 166118858?
6
What is the hundreds digit of 138222473?
4
What is the thousands digit of 76107009?
7
What is the hundred thousands digit of 8940398?
9
What is the hundred thousands digit of 1300275121?
2
What is the units digit of 818145366?
6
What is the hundred thousands digit of 3162116829?
1
What is the ten thousands digit of 788568423?
6
What is the millions digit of 28520120?
8
What is the millions digit of 1088665041?
8
What is the hundred millions digit of 499186821?
4
What is the tens digit of 169987282?
8
What is the hundreds digit of 24001706?
7
What is the millions digit of 47353449?
7
What is the thousands digit of 2094278712?
8
What is the hundred millions digit of 737251775?
7
What is the hundred thousands digit of 94450309?
4
What is the units digit of 11624000?
0
What is the ten millions digit of 41409900?
4
What is the hundred millions digit of 320032140?
3
Wh